x be (16/(-6) - -2)/((-2)/36999). Suppose 5*w = 5*r + 12345, -10*w - r + x = -5*w. Is w composite?
False
Let k(a) = a**3 - 26*a**2 - 27*a + 24. Let p be k(19). Is -3 - (p - (4 - (6 - 0))) a prime number?
True
Suppose 0 = t - 3*t + 8. Let u(m) be the first derivative of m**4/2 - m**3/3 - 3*m**2 + m + 4. Is u(t) prime?
True
Let k(z) = 293*z - 18. Let h be k(4). Suppose -568 = -6*q + h. Is q a composite number?
True
Let g be 2/8 - 4/16. Suppose -4*b - z - 34 = g, 2*b = 3*b - 2*z + 13. Is 80 - (b/1)/(-3) a composite number?
True
Suppose 412*z - 389*z = 17963. Is z prime?
False
Let m(b) = 37*b**2 - b + 25. Let i(k) = k**2 - 15*k + 8. Let w be i(14). Is m(w) a prime number?
False
Let m(n) = 4*n**2 - 14*n - 2. Let h be (-2)/(-9) + (-88)/(-9). Let g be m(h). Suppose w - 4*o - 108 = 11, 2*w - 4*o - g = 0. Is w a composite number?
False
Let f(s) = -57*s + 2 - 13*s - 13*s - 8. Is f(-4) a prime number?
False
Let z = 2214 + -1548. Let p = -307 + z. Is p prime?
True
Let d(v) = 68*v**2 - 8*v + 37. Is d(6) prime?
True
Let b be 120/35 + 12/(-28). Suppose 5*x - 12270 = -5*u, 1288 + 6049 = b*u - 2*x. Is u prime?
False
Let t(m) = -57*m + 2. Let s be t(19). Let u = 433 - s. Is u composite?
True
Suppose -5*t - 4*q - 4 = -3, -t - 9 = 3*q. Let i be ((-8)/3 - -1)/((-8)/24). Suppose 98 = -t*u + i*u. Is u prime?
False
Let o = -16 + 18. Suppose 4*h - o*v - 700 = 0, -7*h + v = -2*h - 869. Let c = 256 - h. Is c prime?
True
Let f(d) = -8*d - 10. Let j be f(-4). Suppose 20 = -20*c + j*c. Is c prime?
False
Suppose 67*v = 66*v + 8846. Is v a prime number?
False
Suppose -5*j - 5*f + 2*f = -3806, 5*j = 4*f + 3827. Let h be -1*(-5 - 1) + -6. Suppose -j = -3*c - 4*b, h = c - 0*c + b - 253. Is c a composite number?
True
Let m(l) = -l + 18. Let p be m(6). Let w(g) = -g**3 + 13*g**2 + 15*g - 3. Is w(p) prime?
False
Is (-1 - -492)*(11 + -16 - -18) prime?
False
Suppose 4572 = 3*s - 3246. Is (3 + -2)/(-1 + 2608/s) composite?
False
Let b(u) = 3346*u + 218. Is b(18) a composite number?
True
Is (3*(-4184)/36)/(16/(-264)) composite?
True
Let x = 4669 - 1156. Is x composite?
True
Suppose -3*r = 4*f - 39703, 3*r + 49*f = 46*f + 39699. Is r a composite number?
False
Let o(i) = i**3 - 11*i**2 - i + 9. Let f be o(11). Let t(h) = -92*h**3 - 2*h**2 - 2*h + 1. Is t(f) prime?
True
Suppose 75814 = 4*y + 3*h - 193341, 5*y - 3*h = 336464. Is y prime?
False
Let i(g) = -70*g - 44. Let d be i(-10). Suppose -12*b + 1084 = -d. Is b prime?
False
Let y(g) = -2 + 3*g**2 + 0 + 0*g**2 - 3*g - 2*g**2. Let u be y(4). Suppose -h = u*d, -4*d = -0*d + 20. Is h prime?
False
Let p(g) = -3692*g + 214. Is p(-5) composite?
True
Let p(i) = 14*i - 7 - 6*i - 5*i + 10*i. Let l be ((-2)/3)/(10/(-75)). Is p(l) a prime number?
False
Is (2844 + -1)*(-105)/(-21) a composite number?
True
Let v(y) = 56*y**3 - 13*y**2 - y - 35. Is v(6) a composite number?
False
Let a(v) = -v**3 + 2*v + 1657. Let c = -28 + 28. Suppose c = 5*t + 2*t. Is a(t) a prime number?
True
Suppose -1945 = -37*r + 32*r. Is r prime?
True
Let t(d) be the first derivative of d**4/4 - 3*d**3 + 2*d**2 + d + 3. Is t(9) composite?
False
Let n(a) be the first derivative of 5*a**3 - a**2 - 6*a + 6. Let v be n(-4). Let x = v + -115. Is x a composite number?
False
Suppose 0*b = -13*b + 1469. Is b a composite number?
False
Suppose 0 = -3*n + 5*u + 37, -3*u + 5 = 3*n - 16. Let f = n + -8. Is (f/2)/(9/1566) composite?
True
Let c be 2/4 - (67193/(-14) - -2). Let a = -2997 + c. Is a prime?
True
Let s be ((-2)/4)/(35/770). Let c be (-1 - -16556) + (2 - 3). Is c/66 + (-2)/s a prime number?
True
Let c(i) = -16*i + 4009. Is c(0) prime?
False
Let l(m) = -m + 9. Let c be l(5). Suppose -t + k + 341 = -c*k, k + 655 = 2*t. Suppose 2*o - t = 2348. Is o a prime number?
False
Is (3/12)/(7 + (-1970553)/281508) composite?
False
Let i be (801/6)/(0 + 2/12). Let z = 272 + i. Is z composite?
True
Suppose 429871 - 2449022 = -43*y. Is y composite?
False
Let r(v) = -59*v**3 - 16*v**2 - 48*v + 17. Is r(-6) composite?
False
Is 13685/3 - 86/129 prime?
True
Let s = 12201 - 4796. Is s composite?
True
Let o be 1117/((6 + -2)/(-4)). Let z = o - -2117. Let a = -693 + z. Is a a prime number?
True
Suppose 3*g - 5*n = -910, 0*g = 2*g + 5*n + 640. Let f be (g/15)/(2/(-18)). Suppose -3*b + 0*b + 193 = 5*v, 5*v - f = 4*b. Is v prime?
False
Let k be (7 + (-39)/5)/((-2)/5). Suppose -2*n = -w - 0*n + 2189, -k*n = 5*w - 10981. Is w a composite number?
True
Suppose 16*h + 21*h - 208643 = 0. Is h composite?
False
Let h = -27 - -54. Suppose -h + 107 = 5*a. Is 0 + 207 + a/(-4) composite?
True
Let q be 2/(-3) - 8/(-12). Suppose z = -q*z + 3. Suppose -2*x + z*x - 157 = 0. Is x prime?
True
Is 7*(-824)/(-12)*(-9)/(-6) a prime number?
False
Suppose v + 25 = 6*v. Suppose 0 = -v*d - 5*a + 325, 2*d - 345 = -3*d + 5*a. Suppose -7*f - d = -g - 2*f, -f - 67 = -g. Is g a prime number?
True
Let g = 42 + -58. Let f(u) = -5*u + 39. Is f(g) a prime number?
False
Let d be (-2 - -5)/3 + 1. Let q be -2 + -1 - -134*d. Let k = 28 + q. Is k prime?
True
Let r be (2 + 444/8)*2*-1. Is 4 - r - 0*(-1 - -2) a composite number?
True
Let l = 5 - 1. Suppose -1574 = -l*f + 942. Is f a prime number?
False
Suppose -u - 3*u + 4*i = -20, u + 5*i - 17 = 0. Suppose -23793 = -u*f + 7567. Suppose -8*y + 856 + f = 0. Is y prime?
False
Let w = 19765 - -72. Is w composite?
True
Suppose -6*p + 145340 = -243886. Is p a composite number?
False
Suppose 9 = -2*w + 15. Suppose -890 + 113 = -w*f. Is f prime?
False
Let f(j) = 32*j**3 + 3*j**2 + 6*j - 1. Let m be 1 - ((-20)/(-4) - 2)*-1. Is f(m) a prime number?
False
Suppose -10*g = -5*g. Is -2 + 40/1 + g composite?
True
Let g(w) = w + 1. Let y be g(3). Let k = 1 + y. Suppose 79 = f + p, k*f + p = 208 + 179. Is f composite?
True
Let q = -1596 - -2811. Suppose -3*a + q = -888. Is a a composite number?
False
Suppose -o + 30536 = -5*u, 3*u + 26438 = -o + 8110. Suppose 0 = 11*v - 17*v + 6. Is v/8 - u/32 prime?
True
Suppose 0 = 5*s - j + 7763, 3*s + 7607 - 2936 = 5*j. Let h = s + 920. Is (h/16)/(2/(-4)) prime?
True
Let n = 22 + -26. Is (-10)/(-45)*-669*42/n composite?
True
Let p = -7934 + 22077. Is p prime?
True
Let b(t) = 1409*t**3 + 2*t**2 + 5*t - 5. Let a(p) = -p + 1. Let z(d) = 4*a(d) + b(d). Is z(1) composite?
True
Let w(r) = 102*r - 16. Let c(x) = -203*x + 31. Let k(l) = 3*c(l) + 5*w(l). Is k(-4) composite?
False
Suppose -46226 = 487*r - 489*r. Is r a composite number?
True
Let f(v) = 12922*v + 327. Is f(10) a prime number?
False
Is (-285)/114 + (-7670)/(-4) a prime number?
False
Suppose 2*d - 3*d + 4 = 0. Suppose -3*j - 1151 = 4*g - 11663, 0 = -3*g - d*j + 7877. Is g a composite number?
True
Let i be (-1)/(-1) - (112 + -8). Let l be 2/(-16) + (5828/32)/1. Let h = i + l. Is h prime?
True
Let r(i) = 4*i**3 - 2*i - 1. Let l(m) = -5*m**3 + 3*m + 1. Let z(c) = 5*l(c) + 6*r(c). Let h be z(2). Let t(s) = -55*s - 6. Is t(h) a composite number?
True
Suppose 305 = -7*o + 2*o. Let r = o - -552. Is r - 0/(0 - -3) a composite number?
False
Suppose 5*m + 7 = 22. Suppose -u - 4*x - 16 = 8, 4*u - m*x + 1 = 0. Is (-7 - u - -3) + 3 a composite number?
False
Let f(g) = 0 - g + 5*g + 1 - 2. Let j be f(1). Suppose -2*h - j*h - u = -1255, -h = 5*u - 251. Is h a composite number?
False
Suppose 0*h + 5*h + 10 = 0. Let u be h + 11/(22/60). Is 67/(60/u - 2) composite?
True
Suppose -20264 = -x + 10029. Is x composite?
False
Let x(j) = j**3 + 13*j**2 - 8*j - 9. Suppose -2*u - 27 = 3*o + u, -3*o = -4*u + 34. Is x(o) prime?
False
Suppose -i + 11039 = 4*y, 5*i + 11064 = 4*y + i. Is y a prime number?
False
Let w(x) be the third derivative of x**5/3 + x**4/8 - x**3/6 + 13*x**2. Is w(4) a prime number?
True
Let p(r) = -3 - 3*r**2 + r**3 - 3*r - 1 - 2*r**2 + r**2. Let u be p(3). Is (-1595 + 1)*11/u a prime number?
True
Is (10 - 8)*21741/6 a composite number?
False
Suppose q - 2*q + 6 = 2*h, h - 4*q - 3 = 0. Suppose -h*r - 10 = -2*d, -d + r - 6*r = -31. Suppose -1437 = -d*y + 8*y. Is y a prime number?
True
Let w be 4/(-10)*(-340)/4. Is w*23 + (6 - (5 - 2)) a composite number?
True
Let h = 2414 + -915. Let r = -925 + h. Is r/3 + (-8)/24 a composite number?
False
Is 21816 - (-1 + -3 - -3) a composite number?
False
Suppose i + 305 = 2*i - 3*f, -3*i - 5*f = -887. Suppose -5*y + 86 + i = 0. Let p = y + -40. Is p composite?
False
Suppose 0 = 2*i + 2*c - 19